141. Let h = 114 - o. Calculate the remainder when h is divided by 17.
16
Let l = -72 + 42. Let j = l + 34. Suppose o - 1 = -3*a + 17, 0 = 2*a - j*o - 12. What is the remainder when a is divided by 2?
0
Let d = 1332 + -1205. Calculate the remainder when d is divided by 15.
7
Suppose h + x = 14, 13*h - 10*h - 72 = 3*x. Suppose 2*u + h = 23. Suppose -r = -0 - 1. What is the remainder when u is divided by r?
0
Let y = -246 - -442. Calculate the remainder when y is divided by 90.
16
Suppose -15*j = -13*j - 32. What is the remainder when j is divided by 16?
0
Suppose 3*h = -2*h, 0 = -3*s + h + 3. Suppose 10 - s = -x + 3*m, -x + 4*m - 13 = 0. Calculate the remainder when 34/6 - (-4)/(-6) is divided by x.
2
Suppose 5*j + 22 = -5*u + 92, 4*j + 2*u = 58. Suppose -3*o - o - 3*y = 197, -4*o - 202 = 2*y. Let i = o - -96. What is the remainder when i is divided by j?
13
Suppose 6*w = 8*w - 600. Suppose -4*k + w = -0*k. Calculate the remainder when k is divided by 11.
9
Suppose o + 4*i + 13 = 0, -5*o - i + 3*i - 131 = 0. Let t = o - -15. What is the remainder when ((-16)/t)/((-2)/(-10)) is divided by 3?
2
Suppose 31*j = 48*j - 2567. What is the remainder when j is divided by 28?
11
Suppose -3375 = 1301*o - 1310*o. Calculate the remainder when o is divided by 14.
11
Let y(h) = h**3 + 2*h**2 - 2*h - 1. Suppose -7*o - 15*o + 30 = -19*o. What is the remainder when y(3) is divided by o?
8
Let x be (1 - 12)*6/(-6). Suppose -x = -i - 5. What is the remainder when 23 is divided by i?
5
Suppose 3*g + f = 140 + 217, 4*g - 486 = 2*f. Calculate the remainder when g is divided by 25.
20
Let k(z) = -2*z**2 - 27*z - 28. Let f be k(-12). What is the remainder when 12/f*2 + 22 is divided by 15?
10
Let m = 36 - -36. Calculate the remainder when m is divided by 27.
18
Let d(l) = -12*l + 11. Let n be d(-6). Let s = n - 68. What is the remainder when 100 is divided by s?
10
Let j = 18 - 20. Let g be (j - -1) + 12/2. Suppose g*i = -0*i + 20. Calculate the remainder when 4 is divided by i.
0
Let h = 20 - -21. What is the remainder when h is divided by 15?
11
Let s(b) = 2*b**3 - 4*b**2 + 7*b + 8. Calculate the remainder when s(6) is divided by 116.
106
Suppose -14*o + 274 = -135 - 123. Let v(s) = -s**3 + 4*s**2 + 2*s - 2. What is the remainder when o is divided by v(2)?
8
Let m(u) = -10*u - 71. What is the remainder when 272 is divided by m(-9)?
6
Suppose 3*b = -4*n + 96, -7*b + 8*b = 3*n - 85. What is the remainder when n is divided by 19?
8
Let t = -13 - -24. Let i(l) be the first derivative of l**3/3 - 9*l + 7. Calculate the remainder when t is divided by i(4).
4
Suppose -9*l = -7*l - 16. Let c(i) = 13*i**2 - i + 2. Let g be c(-2). Suppose 12 = -2*f + g. What is the remainder when f is divided by l?
6
Suppose -5*w = 4*p - 3, -p + 5*w + 39 = p. What is the remainder when 33 is divided by p?
5
Let u(s) = 2*s**3 + 21*s**2 - 7*s**2 + 4 - 26*s + 11 + 21*s. What is the remainder when u(-7) is divided by 14?
8
Suppose 2*g + 401 = -5*s, 2*g - 5*g + 2*s = 649. Calculate the remainder when (-3)/(1*9/g) is divided by (-8)/(-28) + 124/7.
17
Let h(d) = 36 + 2*d - 5*d + 3*d - 2*d. Suppose -4*a = -5*o - 122 + 10, 17 = a - 4*o. What is the remainder when a is divided by h(12)?
9
Let q(k) = 3*k**2 - 17*k. Calculate the remainder when 419 is divided by q(7).
27
Let i(q) = 2*q**2 - 17*q + 272. Calculate the remainder when i(13) is divided by 17.
15
Let j(a) = a**3 + 19*a**2 + 57*a - 29. Let k be (1 - -3)/(-2 - -4). Calculate the remainder when 30 - (-1)/k*-2 is divided by j(-15).
13
Let t = 1288 + -1162. What is the remainder when t is divided by 13?
9
Let i(g) = 2*g**2 - 48*g - 26. Calculate the remainder when i(26) is divided by 50.
28
Let v(o) = -3*o**3 + 2*o**2 + 4*o - 13. Let q be v(-5). Suppose 97*t = 93*t + q. Calculate the remainder when t is divided by 33.
32
Suppose w + 1 = 29. Calculate the remainder when w is divided by (210/3)/7 + 6.
12
Let q(g) = -24*g + 2. What is the remainder when q(-4) is divided by 44*(-1)/(28/(-21)*1)?
32
Let o = 0 + 0. Suppose -4*p = -o*s - 2*s - 62, -5*p - 4*s = -110. Suppose a = g - 37, -3*g + 4*a - 97 = -6*g. What is the remainder when g is divided by p?
17
Calculate the remainder when 114 is divided by 44 - 1 - 7/((-35)/(-20)).
36
Let m(i) = -i**2 + i + 24. Calculate the remainder when 67 is divided by m(0).
19
Suppose -a = 7*a - 56. Let q(f) = f + 6. Calculate the remainder when 50 is divided by q(a).
11
Suppose 4*x = -x + 60. Let c(v) = 5*v + 4. Let z be c(5). Suppose 0 = -o + a + 7, 5*o - 3*a + a = z. What is the remainder when x is divided by o?
2
Let a(m) = -2*m**3 + 6*m**2 + 49*m - 4. Suppose -28 = -5*n - 3. Suppose 0 = -5*b - t + 71, 5*b + n*t - 66 = 9. What is the remainder when a(-4) is divided by b?
10
Let w = 95 + -11. What is the remainder when w is divided by 1/15 + 508/30?
16
Let k = 247 + -240. What is the remainder when k is divided by 3?
1
Suppose -98*j = -93*j - 135. Calculate the remainder when 91 is divided by j.
10
Suppose -4*n - 2 - 10 = 0. Let z = n + 6. Let r(b) = b**2 + 6*b - 32. Calculate the remainder when r(4) is divided by z.
2
Suppose s + 3*a - 138 = -2*s, s = 3*a + 66. Suppose 2*i = -i + s. What is the remainder when (-2)/9 + 904/18 is divided by i?
16
Let i be 153/12 + (-3)/4. Let y be (-45)/10*4/(-3). Suppose -2*f = 3*w - 21, -f + w = -y - i. What is the remainder when f is divided by 4?
3
Let v = -47 + 32. Let k be 3/(39/v + 2). Calculate the remainder when 13 is divided by (k/(-1))/(1/1).
3
Let x(n) = n - 7. Let m be x(7). Let d(v) = v**2 + v + 42. Suppose -r + 4*b + 6 = -17, -4*r - 2*b = -38. What is the remainder when d(m) is divided by r?
9
Suppose -y + 51 = 2*y. Suppose -6 - 129 = -15*l. What is the remainder when y is divided by l?
8
Suppose 74 = 2*x - 2*l, x + 0*l = 3*l + 27. Suppose x + 50 = 4*r. What is the remainder when r is divided by 8?
7
Suppose 2*p = 57 + 25. Let s(b) = 2*b**2 - 18*b + 15. Calculate the remainder when s(13) is divided by p.
37
Suppose 32 = -5*l - 28. What is the remainder when 1*(-38)/(-4) + (-18)/l is divided by 7?
4
Let m(c) = 9 + 0*c - 2*c + c + 10. What is the remainder when m(6) is divided by 8?
5
Let k be (-274)/14 - 15/35. Calculate the remainder when 102 is divided by k/50 - (127/(-5) - 1).
24
Suppose -14*z = -21*z + 777. What is the remainder when z is divided by 7?
6
Calculate the remainder when 48/32 - ((-117)/6 - -2) is divided by 6.
1
Let o = -1212 + 1217. Suppose 0 = -4*r + 3 + 1. What is the remainder when o is divided by r?
0
Let n(o) = -o**2 + 9*o - 7. Suppose 4*h + 4 = -4. What is the remainder when n(6) is divided by 22/4 - 1/h?
5
Suppose 0*v - 4*v = -2*t + 8, -5*t - 20 = 0. Let j be (v + 3 - 0) + 2. Suppose 4*s = 0, 3*h - 8 = -2*s + j. Calculate the remainder when 6 is divided by h.
0
Let n = 421 + -415. What is the remainder when (-141)/(-15) + 4/(-10) is divided by n?
3
Suppose -5*y = 35*j - 37*j - 115, -3*y - 5*j = -69. Calculate the remainder when y is divided by 12.
11
Let p(r) = -2*r**2 - 12*r - 7. Let w(g) = 4*g + 6. Let h be w(-6). Let u = -9 - h. Calculate the remainder when u is divided by p(-5).
0
Suppose 0 = -4*g + 56*g - 780. Let a(r) = 2*r**3 - 9*r**2 + 5*r - 6. What is the remainder when a(6) is divided by g?
12
Suppose 2*m = i + 50, 4 = 25*i - 26*i. Calculate the remainder when 113 is divided by m.
21
Let t = 219 - 125. What is the remainder when t is divided by 33?
28
Let a be (321 + 3)/4 - -3. Let v = 116 - a. What is the remainder when 318 is divided by v?
30
Calculate the remainder when 338 is divided by (7/(-14))/((3 - -2)/(-1110)).
5
Let t = 493 + 51. What is the remainder when t is divided by 13?
11
Let h(b) = -6*b**3 - 2*b - 1. Let o be h(-1). Let i = o - 10. What is the remainder when ((-2)/i)/(2/153) is divided by 18?
15
Let f be -12*((-20)/8 - 0). Let n = f - -62. What is the remainder when n is divided by 31?
30
Suppose 1084 = 10*m + 54. Calculate the remainder when m is divided by 59.
44
Let f(z) = -4*z**2 - z + 2. Let x(c) = 3*c**2 + c - 2. Let k(y) = 2*f(y) + 3*x(y). Calculate the remainder when k(2) is divided by 3.
1
Suppose 43*d = 45*d + 8, 5*d = -5*y + 1015. Calculate the remainder when y is divided by 105.
102
Suppose 12 = -c - 3*c - 5*d, 0 = 5*d. Let p(q) = 8*q**2 + 4*q + 1. What is the remainder when p(c) is divided by 4*3*12/9?